 l.
17
Let f(n) be the second derivative of n**3/3 + 6*n. Let z = 3 - 0. List the prime factors of f(z).
2, 3
Let m(y) = y**2 - 6*y + 8. Let k(z) = -2*z**2 + 11*z - 15. Let b(o) = -6*k(o) - 11*m(o). Let l be b(0). Suppose l*j - 1 = 37. What are the prime factors of j?
19
Suppose 3*g - 5 = -2. Let q = g + 12. What are the prime factors of q?
13
What are the prime factors of (-4)/26 + 13440/156?
2, 43
Suppose k - 131 = 255. What are the prime factors of k?
2, 193
Suppose -3*r = -r + 3*a - 5, 4*a + 5 = -r. What are the prime factors of r?
7
Let c = -21 - -180. What are the prime factors of c?
3, 53
Suppose 0 = -4*i - 3*q + 2*q + 17, -3*i = 5*q - 17. Suppose -i*j + 80 = -8*j. Let a = j - -28. What are the prime factors of a?
2
Suppose 7*s + 18 = 9*s. Let p = s + -6. Suppose -2*t - 4 = 0, -5*n - 18 = p*t - 112. What are the prime factors of n?
2, 5
Suppose 2*p - 2 = -0, 3*c - 46 = -4*p. List the prime factors of c.
2, 7
Suppose 0 = 5*z - 10*z. Let l be 0 - 2/2*-2. Suppose -v + l*v - 5 = z. List the prime factors of v.
5
Suppose -11*i = 2*v - 7*i - 86, 0 = -4*v - i + 186. What are the prime factors of v?
47
Suppose 2*d = 6*d + 32. Let s = d + 12. What are the prime factors of s?
2
Suppose 4*o = c - 55, -3*c - 3*o = -c - 143. What are the prime factors of c?
67
Suppose -2 = 4*x + 22. Let m(l) = -2*l - 7. Let c(z) = -1. Let j(w) = x*c(w) + m(w). What are the prime factors of j(-4)?
7
Let p = 8 - 17. Let x be p/(-3) - 3 - -24. Let j = -10 + x. List the prime factors of j.
2, 7
Let d(v) = 2*v - 3. Let l be d(-3). List the prime factors of (-18)/(l/3 + 1).
3
Let a(x) = -x**2 + 16*x - 15. Let i be a(15). Suppose i = -v + 2 + 10. What are the prime factors of v?
2, 3
List the prime factors of (-288)/112*(-28)/6.
2, 3
Suppose -18 = -3*f + 2*k, -15 + 7 = f + 4*k. Suppose 5*b - 170 = -f*a, b - 73 + 23 = -4*a. Suppose -z - 4*z + b = 0. List the prime factors of z.
2, 3
Suppose -2*q = 3*t + 4, 6*t - 4*q = 2*t - 12. Let y be 18 + 0/3 + t. Suppose 2*v - 13 = -3*w + y, -5*v - 65 = -5*w. List the prime factors of w.
11
Let r be (-2)/(-8) + (-69)/(-12). Let a = 15 - r. List the prime factors of a.
3
Let b(d) = 5*d**2 + d + 2. What are the prime factors of b(4)?
2, 43
Let t = 1 + -2. Let a(d) = -39*d**3 - d. Let x be a(t). Suppose -4*i + x = i. What are the prime factors of i?
2
Suppose 0 = 5*x, 13 + 15 = 4*m + 5*x. What are the prime factors of m?
7
What are the prime factors of (-16)/(-20)*(-60)/(-3)?
2
Suppose -81 = -3*a - 9. What are the prime factors of a?
2, 3
Let g = 17 + -14. Suppose 4*v - 2*w - 52 = 0, -3*w = g*v - 5*w - 41. List the prime factors of v.
11
Let r(w) = -3*w - 3. Suppose 2*t = 5*t + 6. List the prime factors of r(t).
3
Let m(w) = 32*w**2 - 6*w + 1. Let d(j) = -31*j**2 + 7*j - 1. Let p(a) = 5*d(a) + 6*m(a). What are the prime factors of p(1)?
37
Let z = 14 + -11. Suppose -z*h + 67 = -2*h - 4*q, 0 = -h - 4*q + 43. What are the prime factors of h?
5, 11
What are the prime factors of (192/(-112))/(2/(-21))?
2, 3
Suppose -h - 5 = -d, 11 = -h + 3*d - 4. Suppose 3*l + 2*m - 67 = h, 6*l - 99 = l + 3*m. List the prime factors of l.
3, 7
Suppose -2*o - 4 = -r, -3*o + 6*o = 0. Suppose -3*f - 6 = 2*b - 40, 4*f - 12 = r*b. What are the prime factors of f?
2
Suppose -52*n + 58*n = 318. What are the prime factors of n?
53
Suppose -2*b = 3*b. Suppose b = -4*l + 88 - 12. What are the prime factors of l?
19
Suppose z = -z + 4. Let h be (2/(-4))/(z/48). Let q = -5 - h. What are the prime factors of q?
7
Let n = -3 + 6. Suppose 106 = n*w - 5*z, 17 + 41 = 2*w + 3*z. List the prime factors of w.
2
Let h = 93 + -61. Let j be (-3)/(0 - (-6)/(-4)). What are the prime factors of j/(h/(-18) + 2)?
3
Suppose -84 = -5*d + 3*d. List the prime factors of d.
2, 3, 7
Suppose 0 = -w + 3*w, -4*v - 4*w = 0. Suppose -2 = q - v*q. List the prime factors of 2 + -3 + 6 - q.
7
Suppose 0 = h - 4*c - 76, 291 = 5*h + c - 68. What are the prime factors of h?
2, 3
Let y(z) = -z**3 - 10*z**2 + 12*z + 16. Let l be y(-11). Let s(f) = l*f**3 + 6 - 5 + 15*f**3 - 2*f + f**2. List the prime factors of s(1).
2, 5
Let d = -27 - -47. List the prime factors of d.
2, 5
Suppose 0 = -4*g - g - 2*v + 42, 0 = -2*g - 3*v + 19. Let w be g + (-3)/(-3) - 2. Suppose -w = -2*s + 7. List the prime factors of s.
7
Let p = 2 - 1. Let s = 0 - p. List the prime factors of s + 4/(1 + 0).
3
Let n(q) = q**3 - 8*q**2 - 8*q - 2. Let x be (-84)/(-10) + (-21)/(-35). What are the prime factors of n(x)?
7
Suppose 2*w - n - 4*n + 5 = 0, 5*w + 4*n = -29. Let m(u) = u**3 + 4*u**2 - 5*u + 4. Let q be m(w). Suppose 36 = q*d - d. What are the prime factors of d?
2, 3
Let a(g) be the second derivative of g**6/180 - g**5/30 - g**4/6 + 2*g**3/3 - g. Let s(t) be the second derivative of a(t). List the prime factors of s(4).
2, 3
Let o(d) = d**3 - 3*d**2 - 4*d + 4. Let q be o(4). Suppose -3*b = -u - 21 - 23, -5*b + 79 = 4*u. Suppose -i + q*i = b. What are the prime factors of i?
5
Suppose -u - 83 = -3*r, 2*r - 4*u = -r + 71. List the prime factors of r.
29
Suppose 4*m = -2*x + 69 + 75, 5*x - 5*m - 420 = 0. List the prime factors of x/12*(-6)/(-4).
2, 5
Let p(c) = c**2 + 5*c + 2. Let d be p(-5). What are the prime factors of -2 + -15*d/(-3)?
2
Suppose 0 = -n - 4*t - 4, 0*n + n = 2*t - 4. List the prime factors of (41 + (-3 - n))/1.
2, 3, 7
Suppose -8 + 4 = -2*b. Suppose -26 = -2*o - b*j, o - 3 - 10 = 5*j. Let r = 0 + o. List the prime factors of r.
13
Let z(n) = n**3 + 8*n**2 - 11*n - 3. List the prime factors of z(-9).
3, 5
Let q(t) = -68*t - 3. List the prime factors of q(-2).
7, 19
Suppose r = -o + 29, -6*r + r = -4*o + 71. What are the prime factors of o?
2, 3
What are the prime factors of 6/14 - (-3656)/28?
131
Suppose -j - 27 = 2*j. Let d(w) = w**2 + 5*w - 6. List the prime factors of d(j).
2, 3, 5
Suppose -4*x = -27 + 7. Let q be x/3 - 2/(-6). Suppose -q*w = w - 15. What are the prime factors of w?
5
Suppose -5*w + 17 = -78. Let j = 35 - w. What are the prime factors of j?
2
Suppose 4*v = -5*m + 396, -53 - 104 = -2*m - 3*v. List the prime factors of m.
2, 5
Suppose 12 - 2 = 2*l. Suppose -l*s + 10 = -3*s. Suppose -s*f = -3*v - 12, -4 = 2*v - 6. List the prime factors of f.
3
Let v(a) = a**2 - 5*a - 3. Let y be v(6). Let d be (-1)/(-3)*y - -2. Suppose 3 = -d*p, -3*q + 2*p = 4*p - 19. What are the prime factors of q?
7
Let c(h) be the third derivative of -h**5/60 + 7*h**4/12 - 2*h**3 - 3*h**2. Let s be c(8). Suppose 6*l - 3*l = s. What are the prime factors of l?
2, 3
Suppose -3*h + 5*h = 14. Let w = -4 + h. List the prime factors of w.
3
Let n = 17 + -12. Suppose 3*b - n*y - 133 = -b, 0 = b + 4*y - 28. What are the prime factors of b?
2
Let c be -6 + 4 + 1 - -3. Suppose -2*n + 96 = c*n. List the prime factors of n.
2, 3
Let w = -103 - -153. List the prime factors of w.
2, 5
Let z(f) = f**3 - 7*f**2 - 7*f + 4. Let s be z(7). Let t = -25 - s. List the prime factors of t.
2, 5
What are the prime factors of (351/4 - 2/(-8)) + 3?
7, 13
Suppose -37*f = -34*f - 141. List the prime factors of f.
47
Let m be 5/3 + 2/6. Suppose -4*g = 2*b - 46, -m*g + 25 = b + 2*b. Suppose -3*o - g = -35. What are the prime factors of o?
2
Let y be ((-5)/(-4))/((-2)/8). Let t(u) = u**2 + 4*u - 3. List the prime factors of t(y).
2
Let u(h) = h**3 - 7*h**2 + 4*h + 3. Let g be u(4). What are the prime factors of 4/10*(1 - g)?
2, 3
Suppose h + 3*n + 0 = 8, 2*n = -5*h + 14. Let l = h + -5. Let q(i) = -3*i. What are the prime factors of q(l)?
3
Suppose -3*b - 2*z = -z - 1015, -4*b - 4*z = -1356. What are the prime factors of b?
2, 13
Suppose -80 = -0*i - 4*i. Suppose 0 = -0*j - j. Suppose 5*o + t = -3*t + 12, j = -3*o + 4*t + i. List the prime factors of o.
2
Let h(t) = t - t**2 + 0*t + 2*t**3 + t**3 + 0*t**3 + 1. List the prime factors of h(2).
23
What are the prime factors of 22/(-77) - (-464)/7?
2, 3, 11
Suppose 3*g - 394 = 4*h, 5*g + 3*h - 343 = 275. List the prime factors of g.
2, 3, 7
Let h be (3 + -2)*3/1. Suppose -h*q = -42 - 18. List the prime factors of q.
2, 5
Suppose -z = 2*z - 9. Suppose -9 = -z*m, 0 = -4*k + m + 3*m + 60. List the prime factors of k.
2, 3
List the prime factors of (3 - 9)*2/(-4).
3
Let n be (0/(3 - 2))/(-2). Suppose 3*k - 3*p - 141 = n, k - 220 = -4*k + 2*p. What are the prime factors of k?
2, 3, 7
Suppose -4*o = -20, -3*n + 2*o 